{"id":3313,"date":"2026-02-24T20:47:20","date_gmt":"2026-02-24T20:47:20","guid":{"rendered":"https:\/\/hotelvillava.com\/enpamplona\/?page_id=3313"},"modified":"2026-02-24T21:15:23","modified_gmt":"2026-02-24T21:15:23","slug":"preguntas-frecuentes","status":"publish","type":"page","link":"https:\/\/hotelvillava.com\/enpamplona\/preguntas-frecuentes\/","title":{"rendered":"FAQ"},"content":{"rendered":"\t\t<div data-elementor-type=\"wp-page\" data-elementor-id=\"3313\" class=\"elementor elementor-3313\">\n\t\t\t\t<div class=\"elementor-element elementor-element-3599a83 e-flex e-con-boxed e-con e-parent\" data-id=\"3599a83\" data-element_type=\"container\" data-e-type=\"container\">\n\t\t\t\t\t<div class=\"e-con-inner\">\n\t\t\t\t<div class=\"elementor-element elementor-element-58aa998 elementor-widget elementor-widget-heading\" data-id=\"58aa998\" data-element_type=\"widget\" data-e-type=\"widget\" data-widget_type=\"heading.default\">\n\t\t\t\t<div class=\"elementor-widget-container\">\n\t\t\t\t\t<h4 class=\"elementor-heading-title elementor-size-default\">En esta secci\u00f3n encontrar\u00e1s respuesta a las dudas m\u00e1s habituales sobre tu estancia en el Hotel Villava PAmplona<\/h4>\t\t\t\t<\/div>\n\t\t\t\t<\/div>\n\t\t\t\t\t<\/div>\n\t\t\t\t<\/div>\n\t\t<div class=\"elementor-element elementor-element-a8fdab1 e-flex e-con-boxed e-con e-parent\" data-id=\"a8fdab1\" data-element_type=\"container\" data-e-type=\"container\">\n\t\t\t\t\t<div class=\"e-con-inner\">\n\t\t\t\t<div class=\"elementor-element elementor-element-e663cdb elementor-widget elementor-widget-text-editor\" data-id=\"e663cdb\" data-element_type=\"widget\" data-e-type=\"widget\" data-widget_type=\"text-editor.default\">\n\t\t\t\t<div class=\"elementor-widget-container\">\n\t\t\t\t\t\t\t\t\t<ul><li>\u00bfA partir de qu\u00e9 hora es el check-in? <br \/><strong>\u00a0 \u00a0 \u00a0 Desde las<\/strong> <strong>13:30 horas<br \/><\/strong><\/li><li>\u00bfHasta qu\u00e9 hora puedo estar en la habitaci\u00f3n? <br \/><strong>\u00a0 \u00a0 \u00a0Hasta las<\/strong> <strong>11:30 horas<br \/><\/strong><\/li><li>\u00bfTen\u00e9is parking privado\/subterr\u00e1neo? <br \/><strong>\u00a0 \u00a0 \u00a0S\u00ed, tenemos un parking cubierto por 11\u20ac la noche en caso de coches, 6\u20ac para las motos.<br \/><\/strong><\/li><li>\u00bfDispone de un cuarto privado para guardar bicicletas? <br \/><strong>\u00a0 \u00a0S\u00ed,<\/strong> <strong>somos un hotel bikefriendly,<\/strong> <strong>disponemos tambi\u00e9n de un cuarto privado con herramientas para su revisi\u00f3n y puesta a punto para guardar bicicletas por 6\u20ac.<br \/><\/strong><\/li><li>\u00bfHay habitaciones con terraza?<strong> <br \/>\u00a0 \u00a0S\u00ed tenemos, son las habitaciones superiores como la SUIT y la JUNIOR SUIT, que aparte de terraza tienen la cama de mayor\u00a0 \u00a0 \u00a0 tama\u00f1o, en el caso de la SUIT, tiene un sal\u00f3n de estar etc\u2026<br \/><\/strong><\/li><li>\u00bfHay posibilidad de alojarme con ni\u00f1os? <br \/><strong>\u00a0 \u00a0S\u00ed, el hotel dispone de cama supletoria para a\u00f1adir a la habitaci\u00f3n doble <br \/>\u00a0 \u00a0(suplemento de la cama extra por noche es de 27,50 euros)<br \/><\/strong><\/li><li>\u00bfHay posibilidad de alojarme con un beb\u00e9? <br \/><strong>\u00a0 \u00a0S\u00ed, el hotel dispone de cunas para a\u00f1adir a la habitaci\u00f3n doble (suplemento de la cuna por noche es de 12,00 euros)<br \/><\/strong><\/li><li>\u00bfEl hotel tiene la posibilidad de que las habitaciones est\u00e9n comunicadas entre s\u00ed? <br \/><strong>\u00a0 \u00a0S\u00ed, el hotel dispone de 2 opciones para comunicar habitaciones. <br \/>\u00a0 \u00a0La primera es comunicar 2 habitaciones dobles (una doble de 2 camas con una habitaci\u00f3n con cama matrimonial). <br \/>\u00a0 \u00a0La segunda es comunicar 3 habitaciones dobles (dos dobles de 2 camas con una habitaci\u00f3n con cama matrimonial). <br \/>\u00a0 \u00a0Solicite esta informaci\u00f3n con el hotel.<br \/><\/strong><\/li><li>\u00bfQu\u00e9 opciones tengo para ir al centro hist\u00f3rico de Pamplona?<br \/><strong>\u00a0 \u00a0Las dos mejores opciones para ir al centro son: Solicitar un taxi en la recepci\u00f3n del hotel o tomar el transporte p\u00fablico\u00a0 \u00a0 \u00a0 \u00a0(autob\u00fas urbano), la parada del autob\u00fas urbano n\u00famero 4 V, se encuentra a 150 metros de la puerta del hotel, la frecuencia\u00a0 \u00a0 \u00a0 \u00a0diurna diaria entre 10 a 15 minutos y la frecuencia nocturna jueves, viernes y s\u00e1bado es cada hora. <br \/>\u00a0 \u00a0Para m\u00e1s informaci\u00f3n, consulte la web https:\/\/tuvillavesa.es\/es\/lines-and-routes<br \/><\/strong><\/li><li>\u00bfHay alguna habitaci\u00f3n para personas con movilidad reducida?<strong> <br \/>\u00a0 \u00a0S\u00ed disponemos de una habitaci\u00f3n totalmente adaptada para estos casos. <br \/>\u00a0 \u00a0Solic\u00edtela bajo disponibilidad al hacer su reserva.<br \/><\/strong><\/li><li>\u00bfHay minibar en la habitaci\u00f3n? <br \/><strong>\u00a0 \u00a0S\u00ed, las habitaciones disponen de una peque\u00f1a nevera para uso del cliente. La encontrar\u00e1 vac\u00eda para que tenga espacio para\u00a0 \u00a0 \u00a0guardar lo que necesite.<\/strong><\/li><li>\u00bfSe puede fumar en la habitaci\u00f3n?\u00a0<br \/>\u00a0 \u00a0<strong>No, nuestras habitaciones son libre de humos.<br \/><\/strong><\/li><li>\u00bfEst\u00e1 abierta la Recepci\u00f3n 24 horas? <br \/><strong>\u00a0 \u00a0S\u00ed, estaremos encantados de atenderle a cualquier hora del d\u00eda.<br \/><\/strong><\/li><li>\u00bfSe puede comer o cenar en el restaurante del hotel?<strong> <br \/>\u00a0 \u00a0S\u00ed, disponemos de men\u00fa del d\u00eda o men\u00fa de fin de semana para disfrutar en el restaurante. <br \/>\u00a0 \u00a0El horario de lunes a domingo es de 13:00 \u2013 15:30 h y de 20:15 \u2013 22:30 h<br \/><\/strong><\/li><li>\u00bfTen\u00e9is desayuno buffet? <br \/><strong>\u00a0 \u00a0S\u00ed, disponemos de buffet por 11\u20ac por persona. <br \/>\u00a0 \u00a0El horario es de 7-10 am entre semana y de 7:30-10 am los festivos y fines de semana. <br \/>\u00a0 \u00a0Aparte, podr\u00e1 desayunar en el bar\/ cafeter\u00eda, que abre todos los d\u00edas a las 7:30. <br \/>\u00a0 \u00a0Tambi\u00e9n habr\u00eda opci\u00f3n del desayuno continental para subir a la habitaci\u00f3n desde las 08 hasta las 10 am.<br \/><\/strong><\/li><li>\u00bfSe puede ir a tomar algo por la noche? <br \/><strong>\u00a0 \u00a0El bar cierra a las 23:00 h<br \/><\/strong><\/li><li>\u00bfHay comida caseras en la carta\/men\u00fa?<strong> <br \/>\u00a0 \u00a0S\u00ed, nuestra comida es casera.<br \/><\/strong><\/li><li>\u00bfSe puede comer en el bar?<strong><strong> <br \/>\u00a0 S\u00ed, aparte del men\u00fa, tenemos una amplia carta de cafeter\u00eda con platos combinados, raciones, bocadillos, hamburguesas,\u00a0 \u00a0s\u00e1ndwiches, que se pueden comer en el bar\/ cafeter\u00eda o en el hall del hotel.<br \/>Puedes consultarlo pinchando aqu\u00ed:\u00a0<\/strong><\/strong><a style=\"background-color: #ffffff;\" title=\"comida casera\" href=\"https:\/\/hotelvillava.com\/enpamplona\/para-comer-beber\/\" target=\"_blank\" rel=\"noopener\">Bar Restaurante Amatxi<\/a><\/li><li>\u00bfSe puede comprar el caf\u00e9 que serv\u00eds en la cafeter\u00eda? <br \/><strong><strong>\u00a0 \u00a0S\u00ed, el caf\u00e9 de especialidad que servimos cada d\u00eda, se puede tambi\u00e9n comprar en grano y molido; infusiones naturales y\u00a0 \u00a0 tambi\u00e9n algunos productos locales (miel, patxaran, etc. etc.)<\/strong><\/strong><\/li><li>\u00bfHay gimnasio en el hotel?<br \/>\u00a0\u00a0<strong><strong>Si disponemos de una peque\u00f1a sala de m\u00e1quinas con los b\u00e1sicos para no perder la rutina. <br \/>\u00a0 Uso abierto durante las horas diurnas.<\/strong><\/strong><\/li><li>\u00bfSe aceptan mascotas en el hotel?<strong> <br \/>\u00a0 \u00a0S\u00ed, somos un hotel Petfriendly y aceptamos un m\u00e1ximo de 2 perros por habitaci\u00f3n con un coste de 14\u20ac por noche y por\u00a0 \u00a0 \u00a0mascota.<br \/><\/strong><\/li><li>\u00bfPuedo desayunar\/comer\/cenar con mi mascota? <br \/><strong>\u00a0 \u00a0En el comedor principal y en la cafeter\u00eda no es posible, pero en las mesas del hall s\u00ed es posible.<\/strong><\/li><li>\u00bfHay salones para alquilar? <br \/><strong><strong>\u00a0 Disponemos de salones tanto para eventos con discoteca\/barra, reuniones de empresa, banquetes\u2026 Ll\u00e1menos sin compromiso para preguntar disponibilidad, precios y condiciones.<\/strong><\/strong><\/li><li>\u00bfHay internet en el hotel? <strong>El hotel dispone de wifi gratuito de alta velocidad en todas las habitaciones.<\/strong><\/li><\/ul>\t\t\t\t\t\t\t\t<\/div>\n\t\t\t\t<\/div>\n\t\t\t\t\t<\/div>\n\t\t\t\t<\/div>\n\t\t\t\t<\/div>\n\t\t","protected":false},"excerpt":{"rendered":"<p>En esta secci\u00f3n encontrar\u00e1s respuesta a las dudas m\u00e1s habituales sobre tu estancia en el Hotel Villava PAmplona \u00bfA partir de qu\u00e9 hora es el check-in? \u00a0 \u00a0 \u00a0 Desde las 13:30 horas \u00bfHasta qu\u00e9 hora puedo estar en la habitaci\u00f3n? \u00a0 \u00a0 \u00a0Hasta las 11:30 horas \u00bfTen\u00e9is parking privado\/subterr\u00e1neo? [&hellip;]<\/p>\n","protected":false},"author":2,"featured_media":0,"parent":0,"menu_order":0,"comment_status":"closed","ping_status":"closed","template":"","meta":{"_exactmetrics_skip_tracking":false,"_exactmetrics_sitenote_active":false,"_exactmetrics_sitenote_note":"","_exactmetrics_sitenote_category":0,"footnotes":""},"class_list":["post-3313","page","type-page","status-publish","hentry"],"yoast_head":"<!-- This site is optimized with the Yoast SEO plugin v27.1.1 - https:\/\/yoast.com\/product\/yoast-seo-wordpress\/ -->\n<title>FAQ - Hotel Villava en Pamplona<\/title>\n<meta name=\"robots\" content=\"index, follow, max-snippet:-1, max-image-preview:large, max-video-preview:-1\" \/>\n<link rel=\"canonical\" href=\"https:\/\/hotelvillava.com\/enpamplona\/preguntas-frecuentes\/\" \/>\n<meta property=\"og:locale\" content=\"es_ES\" \/>\n<meta property=\"og:type\" content=\"article\" \/>\n<meta property=\"og:title\" content=\"FAQ - Hotel Villava en Pamplona\" \/>\n<meta property=\"og:description\" content=\"En esta secci\u00f3n encontrar\u00e1s respuesta a las dudas m\u00e1s habituales sobre tu estancia en el Hotel Villava PAmplona \u00bfA partir de qu\u00e9 hora es el check-in? \u00a0 \u00a0 \u00a0 Desde las 13:30 horas \u00bfHasta qu\u00e9 hora puedo estar en la habitaci\u00f3n? \u00a0 \u00a0 \u00a0Hasta las 11:30 horas \u00bfTen\u00e9is parking privado\/subterr\u00e1neo? [&hellip;]\" \/>\n<meta property=\"og:url\" content=\"https:\/\/hotelvillava.com\/enpamplona\/preguntas-frecuentes\/\" \/>\n<meta property=\"og:site_name\" content=\"Hotel Villava en Pamplona\" \/>\n<meta property=\"article:modified_time\" content=\"2026-02-24T21:15:23+00:00\" \/>\n<meta name=\"twitter:card\" content=\"summary_large_image\" \/>\n<meta name=\"twitter:label1\" content=\"Tiempo de lectura\" \/>\n\t<meta name=\"twitter:data1\" content=\"4 minutos\" \/>\n<script type=\"application\/ld+json\" class=\"yoast-schema-graph\">{\"@context\":\"https:\/\/schema.org\",\"@graph\":[{\"@type\":\"WebPage\",\"@id\":\"https:\/\/hotelvillava.com\/enpamplona\/preguntas-frecuentes\/\",\"url\":\"https:\/\/hotelvillava.com\/enpamplona\/preguntas-frecuentes\/\",\"name\":\"FAQ - Hotel Villava en Pamplona\",\"isPartOf\":{\"@id\":\"https:\/\/hotelvillava.com\/enpamplona\/#website\"},\"datePublished\":\"2026-02-24T20:47:20+00:00\",\"dateModified\":\"2026-02-24T21:15:23+00:00\",\"breadcrumb\":{\"@id\":\"https:\/\/hotelvillava.com\/enpamplona\/preguntas-frecuentes\/#breadcrumb\"},\"inLanguage\":\"es\",\"potentialAction\":[{\"@type\":\"ReadAction\",\"target\":[\"https:\/\/hotelvillava.com\/enpamplona\/preguntas-frecuentes\/\"]}]},{\"@type\":\"BreadcrumbList\",\"@id\":\"https:\/\/hotelvillava.com\/enpamplona\/preguntas-frecuentes\/#breadcrumb\",\"itemListElement\":[{\"@type\":\"ListItem\",\"position\":1,\"name\":\"Portada\",\"item\":\"https:\/\/hotelvillava.com\/enpamplona\/\"},{\"@type\":\"ListItem\",\"position\":2,\"name\":\"FAQ\"}]},{\"@type\":\"WebSite\",\"@id\":\"https:\/\/hotelvillava.com\/enpamplona\/#website\",\"url\":\"https:\/\/hotelvillava.com\/enpamplona\/\",\"name\":\"Hotel Villava en Pamplona\",\"description\":\"Hotel familiar a 10 minutos del centro de Pamplona\",\"publisher\":{\"@id\":\"https:\/\/hotelvillava.com\/enpamplona\/#organization\"},\"potentialAction\":[{\"@type\":\"SearchAction\",\"target\":{\"@type\":\"EntryPoint\",\"urlTemplate\":\"https:\/\/hotelvillava.com\/enpamplona\/?s={search_term_string}\"},\"query-input\":{\"@type\":\"PropertyValueSpecification\",\"valueRequired\":true,\"valueName\":\"search_term_string\"}}],\"inLanguage\":\"es\"},{\"@type\":\"Organization\",\"@id\":\"https:\/\/hotelvillava.com\/enpamplona\/#organization\",\"name\":\"Hotel Villava en Pamplona\",\"url\":\"https:\/\/hotelvillava.com\/enpamplona\/\",\"logo\":{\"@type\":\"ImageObject\",\"inLanguage\":\"es\",\"@id\":\"https:\/\/hotelvillava.com\/enpamplona\/#\/schema\/logo\/image\/\",\"url\":\"https:\/\/hotelvillava.com\/enpamplona\/wp-content\/uploads\/2023\/02\/cropped-logo-villava-trans-1.png\",\"contentUrl\":\"https:\/\/hotelvillava.com\/enpamplona\/wp-content\/uploads\/2023\/02\/cropped-logo-villava-trans-1.png\",\"width\":665,\"height\":244,\"caption\":\"Hotel Villava en Pamplona\"},\"image\":{\"@id\":\"https:\/\/hotelvillava.com\/enpamplona\/#\/schema\/logo\/image\/\"}}]}<\/script>\n<!-- \/ Yoast SEO plugin. -->","yoast_head_json":{"title":"FAQ - Hotel Villava en Pamplona","robots":{"index":"index","follow":"follow","max-snippet":"max-snippet:-1","max-image-preview":"max-image-preview:large","max-video-preview":"max-video-preview:-1"},"canonical":"https:\/\/hotelvillava.com\/enpamplona\/preguntas-frecuentes\/","og_locale":"es_ES","og_type":"article","og_title":"FAQ - Hotel Villava en Pamplona","og_description":"En esta secci\u00f3n encontrar\u00e1s respuesta a las dudas m\u00e1s habituales sobre tu estancia en el Hotel Villava PAmplona \u00bfA partir de qu\u00e9 hora es el check-in? \u00a0 \u00a0 \u00a0 Desde las 13:30 horas \u00bfHasta qu\u00e9 hora puedo estar en la habitaci\u00f3n? \u00a0 \u00a0 \u00a0Hasta las 11:30 horas \u00bfTen\u00e9is parking privado\/subterr\u00e1neo? [&hellip;]","og_url":"https:\/\/hotelvillava.com\/enpamplona\/preguntas-frecuentes\/","og_site_name":"Hotel Villava en Pamplona","article_modified_time":"2026-02-24T21:15:23+00:00","twitter_card":"summary_large_image","twitter_misc":{"Tiempo de lectura":"4 minutos"},"schema":{"@context":"https:\/\/schema.org","@graph":[{"@type":"WebPage","@id":"https:\/\/hotelvillava.com\/enpamplona\/preguntas-frecuentes\/","url":"https:\/\/hotelvillava.com\/enpamplona\/preguntas-frecuentes\/","name":"FAQ - Hotel Villava en Pamplona","isPartOf":{"@id":"https:\/\/hotelvillava.com\/enpamplona\/#website"},"datePublished":"2026-02-24T20:47:20+00:00","dateModified":"2026-02-24T21:15:23+00:00","breadcrumb":{"@id":"https:\/\/hotelvillava.com\/enpamplona\/preguntas-frecuentes\/#breadcrumb"},"inLanguage":"es","potentialAction":[{"@type":"ReadAction","target":["https:\/\/hotelvillava.com\/enpamplona\/preguntas-frecuentes\/"]}]},{"@type":"BreadcrumbList","@id":"https:\/\/hotelvillava.com\/enpamplona\/preguntas-frecuentes\/#breadcrumb","itemListElement":[{"@type":"ListItem","position":1,"name":"Portada","item":"https:\/\/hotelvillava.com\/enpamplona\/"},{"@type":"ListItem","position":2,"name":"FAQ"}]},{"@type":"WebSite","@id":"https:\/\/hotelvillava.com\/enpamplona\/#website","url":"https:\/\/hotelvillava.com\/enpamplona\/","name":"Hotel Villava en Pamplona","description":"Hotel familiar a 10 minutos del centro de Pamplona","publisher":{"@id":"https:\/\/hotelvillava.com\/enpamplona\/#organization"},"potentialAction":[{"@type":"SearchAction","target":{"@type":"EntryPoint","urlTemplate":"https:\/\/hotelvillava.com\/enpamplona\/?s={search_term_string}"},"query-input":{"@type":"PropertyValueSpecification","valueRequired":true,"valueName":"search_term_string"}}],"inLanguage":"es"},{"@type":"Organization","@id":"https:\/\/hotelvillava.com\/enpamplona\/#organization","name":"Hotel Villava en Pamplona","url":"https:\/\/hotelvillava.com\/enpamplona\/","logo":{"@type":"ImageObject","inLanguage":"es","@id":"https:\/\/hotelvillava.com\/enpamplona\/#\/schema\/logo\/image\/","url":"https:\/\/hotelvillava.com\/enpamplona\/wp-content\/uploads\/2023\/02\/cropped-logo-villava-trans-1.png","contentUrl":"https:\/\/hotelvillava.com\/enpamplona\/wp-content\/uploads\/2023\/02\/cropped-logo-villava-trans-1.png","width":665,"height":244,"caption":"Hotel Villava en Pamplona"},"image":{"@id":"https:\/\/hotelvillava.com\/enpamplona\/#\/schema\/logo\/image\/"}}]}},"_links":{"self":[{"href":"https:\/\/hotelvillava.com\/enpamplona\/wp-json\/wp\/v2\/pages\/3313","targetHints":{"allow":["GET"]}}],"collection":[{"href":"https:\/\/hotelvillava.com\/enpamplona\/wp-json\/wp\/v2\/pages"}],"about":[{"href":"https:\/\/hotelvillava.com\/enpamplona\/wp-json\/wp\/v2\/types\/page"}],"author":[{"embeddable":true,"href":"https:\/\/hotelvillava.com\/enpamplona\/wp-json\/wp\/v2\/users\/2"}],"replies":[{"embeddable":true,"href":"https:\/\/hotelvillava.com\/enpamplona\/wp-json\/wp\/v2\/comments?post=3313"}],"version-history":[{"count":23,"href":"https:\/\/hotelvillava.com\/enpamplona\/wp-json\/wp\/v2\/pages\/3313\/revisions"}],"predecessor-version":[{"id":3337,"href":"https:\/\/hotelvillava.com\/enpamplona\/wp-json\/wp\/v2\/pages\/3313\/revisions\/3337"}],"wp:attachment":[{"href":"https:\/\/hotelvillava.com\/enpamplona\/wp-json\/wp\/v2\/media?parent=3313"}],"curies":[{"name":"wp","href":"https:\/\/api.w.org\/{rel}","templated":true}]}}